{"id":965,"date":"2026-03-27T17:55:36","date_gmt":"2026-03-27T17:55:36","guid":{"rendered":"https:\/\/motosratera.com\/?post_type=product&#038;p=965"},"modified":"2026-04-01T16:03:50","modified_gmt":"2026-04-01T16:03:50","slug":"piaggio-vespa-lx-125","status":"publish","type":"product","link":"https:\/\/motosratera.com\/index.php\/product\/piaggio-vespa-lx-125\/","title":{"rendered":"PIAGGIO VESPA LX 125"},"content":{"rendered":"<p><strong>VENDIDA<\/strong><\/p>\n<p>Scooter ideal para ciudad y cercan\u00edas, \u00e1gil, ligero y de bajo consumo y mantenimiento.<br \/>\nTotalmente revisada y garant\u00eda de 1 a\u00f1o por escrito.<br \/>\nMuy buen estado. Tiene maletero bajo el sill\u00edn para un casco integral . Antirrobo tipo pit\u00f3n al manillar.<br \/>\nSe puede conducir con carnet de coche B seg\u00fan normativa actual.<br \/>\n10,4c.v.<br \/>\nItv en vigor hasta abril 2028. Etiqueta medioambiental C Verde sin restricciones de movilidad en las grandes ciudades.<\/p>\n<p>Financiamos a 12 meses sin intereses con o sin entrada (133\u20ac\/mes), y hasta a 4 a\u00f1os con intereses (78\/mes en 24 meses). Tambi\u00e9n aceptamos pago con VISA.<\/p>\n<p>Aceptamos cambios por otras motocicletas. Aceptamos cambios por bicicletas de alta gama y con menos de 4 a\u00f1os tipo BTT, carretera y Brompton.<\/p>\n<p>Env\u00edos a toda Espa\u00f1a (entre 100-160 euros).<\/p>\n<p>COMPRAMOS SCOOTERS, MAXISCOOTERS, MOTOCICLETAS Y BICICLETAS AL CONTADO Y EN EL ACTO.<\/p>\n","protected":false},"excerpt":{"rendered":"<p><strong>VENDIDA<\/strong> \/ Scooter ideal para ciudad y cercan\u00edas, moto \u00e1gil, r\u00e1pida, estable y de muy alta calidad y bajo consumo.<\/p>\n","protected":false},"featured_media":966,"template":"","meta":[],"product_cat":[20],"product_tag":[31,32,163,33],"_links":{"self":[{"href":"https:\/\/motosratera.com\/index.php\/wp-json\/wp\/v2\/product\/965"}],"collection":[{"href":"https:\/\/motosratera.com\/index.php\/wp-json\/wp\/v2\/product"}],"about":[{"href":"https:\/\/motosratera.com\/index.php\/wp-json\/wp\/v2\/types\/product"}],"wp:featuredmedia":[{"embeddable":true,"href":"https:\/\/motosratera.com\/index.php\/wp-json\/wp\/v2\/media\/966"}],"wp:attachment":[{"href":"https:\/\/motosratera.com\/index.php\/wp-json\/wp\/v2\/media?parent=965"}],"wp:term":[{"taxonomy":"product_cat","embeddable":true,"href":"https:\/\/motosratera.com\/index.php\/wp-json\/wp\/v2\/product_cat?post=965"},{"taxonomy":"product_tag","embeddable":true,"href":"https:\/\/motosratera.com\/index.php\/wp-json\/wp\/v2\/product_tag?post=965"}],"curies":[{"name":"wp","href":"https:\/\/api.w.org\/{rel}","templated":true}]}}